 1 (base 8) in base 5?
1
What is f (base 16) in base 3?
120
Convert 8 (base 11) to base 12.
8
What is -2101 (base 3) in base 13?
-4c
-12 (base 6) to base 7
-11
What is -13 (base 4) in base 10?
-7
-22 (base 13) to base 4
-130
Convert 101 (base 2) to base 5.
10
-4 (base 8) to base 14
-4
What is 2 (base 15) in base 11?
2
What is 1 (base 11) in base 2?
1
Convert 114 (base 5) to base 7.
46
-17 (base 16) to base 3
-212
Convert -33 (base 5) to base 13.
-15
1a4 (base 11) to base 5
1420
Convert 26 (base 16) to base 3.
1102
-4 (base 5) to base 2
-100
53 (base 7) to base 13
2c
Convert 1010 (base 2) to base 13.
a
-a (base 13) to base 5
-20
-f (base 16) to base 15
-10
What is 2 (base 7) in base 8?
2
What is -11 (base 5) in base 3?
-20
650 (base 8) to base 5
3144
-20 (base 4) to base 5
-13
What is -2020 (base 4) in base 8?
-210
What is -4 (base 11) in base 14?
-4
What is -20 (base 3) in base 2?
-110
What is -2 (base 15) in base 5?
-2
What is -5 (base 8) in base 5?
-10
Convert -42 (base 5) to base 9.
-24
What is 5 (base 14) in base 4?
11
What is 5 (base 15) in base 11?
5
What is -1 (base 12) in base 16?
-1
22 (base 5) to base 14
c
5 (base 9) to base 2
101
What is -21 (base 16) in base 14?
-25
What is -10111 (base 2) in base 11?
-21
What is 321 (base 5) in base 14?
62
What is -3 (base 8) in base 9?
-3
Convert -23 (base 13) to base 3.
-1002
Convert 33 (base 7) to base 11.
22
1 (base 13) to base 15
1
54 (base 7) to base 11
36
50 (base 8) to base 7
55
Convert 3 (base 11) to base 10.
3
What is 2 (base 3) in base 15?
2
-4 (base 8) to base 15
-4
Convert -41 (base 13) to base 7.
-104
What is -14 (base 7) in base 6?
-15
-3 (base 16) to base 8
-3
3 (base 4) to base 9
3
111110 (base 2) to base 5
222
What is -10 (base 5) in base 6?
-5
1 (base 8) to base 16
1
-3 (base 16) to base 4
-3
1013 (base 5) to base 13
a3
Convert 104 (base 8) to base 13.
53
-4a (base 14) to base 2
-1000010
Convert 110 (base 3) to base 14.
c
Convert e (base 15) to base 10.
14
What is 1 (base 2) in base 11?
1
-12 (base 11) to base 12
-11
Convert 2 (base 7) to base 15.
2
-5 (base 16) to base 14
-5
9 (base 10) to base 16
9
-4 (base 10) to base 8
-4
What is -55 (base 15) in base 4?
-1100
-143 (base 8) to base 11
-90
What is -2 (base 13) in base 5?
-2
Convert -17 (base 9) to base 6.
-24
-33 (base 4) to base 12
-13
10 (base 4) to base 7
4
What is -21 (base 10) in base 8?
-25
Convert -6c (base 13) to base 15.
-60
6 (base 8) to base 2
110
-11 (base 5) to base 12
-6
-335 (base 8) to base 14
-11b
What is 27 (base 10) in base 5?
102
Convert 0 (base 7) to base 5.
0
-76 (base 8) to base 10
-62
-12 (base 5) to base 9
-7
What is -95 (base 15) in base 10?
-140
12 (base 3) to base 6
5
Convert 1101010 (base 2) to base 10.
106
What is 215 (base 9) in base 10?
176
Convert 192 (base 10) to base 15.
cc
-10 (base 3) to base 5
-3
-1 (base 16) to base 10
-1
What is -3 (base 8) in base 13?
-3
Convert 21 (base 11) to base 7.
32
11 (base 2) to base 6
3
Convert -e (base 15) to base 2.
-1110
Convert 111 (base 8) to base 14.
53
What is 4 (base 14) in base 13?
4
Convert -1 (base 5) to base 6.
-1
What is -10 (base 6) in base 2?
-110
What is -4 (base 5) in base 13?
-4
4 (base 13) to base 8
4
Convert -435 (base 7) to base 5.
-1342
-21 (base 3) to base 2
-111
Convert -73 (base 10) to base 3.
-2201
Convert -1 (base 11) to base 2.
-1
What is -5a (base 15) in base 13?
-67
What is 2 (base 12) in base 5?
2
What is 11 (base 3) in base 2?
100
What is 2 (base 12) in base 13?
2
Convert 15 (base 10) to base 7.
21
Convert 132 (base 5) to base 7.
60
What is -303 (base 4) in base 3?
-1220
Convert -7 (base 14) to base 2.
-111
What is -19 (base 10) in base 9?
-21
Convert -47 (base 8) to base 6.
-103
Convert 4 (base 12) to base 15.
4
-9c (base 13) to base 15
-89
Convert 12 (base 3) to base 16.
5
Convert -5 (base 8) to base 14.
-5
What is 113 (base 5) in base 3?
1020
110100 (base 2) to base 12
44
Convert 101 (base 2) to base 3.
12
54 (base 13) to base 5
234
What is 0 (base 9) in base 15?
0
What is -400 (base 5) in base 2?
-1100100
What is b (base 16) in base 14?
b
4 (base 9) to base 5
4
0 (base 15) to base 6
0
What is -1 (base 5) in base 8?
-1
-10310 (base 4) to base 8
-464
-11 (base 15) to base 14
-12
What is -1243 (base 6) in base 11?
-267
Convert a (base 11) to base 8.
12
What is 4 (base 10) in base 7?
4
220 (base 8) to base 7
264
-139 (base 12) to base 16
-bd
Convert 12 (base 11) to base 14.
d
What is 2 (base 15) in base 13?
2
What is 263 (base 10) in base 14?
14b
1b (base 13) to base 6
40
What is -560 (base 7) in base 13?
-191
Convert -33 (base 14) to base 8.
-55
What is 6 (base 9) in base 4?
12
Convert 3 (base 13) to base 5.
3
-9 (base 16) to base 3
-100
-131 (base 8) to base 6
-225
What is 11 (base 16) in base 9?
18
4 (base 9) to base 8
4
-110 (base 2) to base 6
-10
Convert 252 (base 7) to base 11.
113
100100101 (base 2) to base 16
125
12 (base 8) to base 11
a
Convert -145 (base 6) to base 16.
-41
-43 (base 5) to base 11
-21
Convert -1 (base 14) to base 8.
-1
What is -11 (base 3) in base 2?
-100
What is -401 (base 6) in base 16?
-91
Convert 2 (base 11) to base 6.
2
-103 (base 4) to base 8
-23
Convert -19 (base 14) to base 9.
-25
Convert 4 (base 8) to base 11.
4
14 (base 13) to base 9
18
Convert a9 (base 11) to base 10.
119
What is -63 (base 8) in base 4?
-303
What is -3 (base 10) in base 9?
-3
Convert 2 (base 5) to base 4.
2
Convert 3 (base 16) to base 5.
3
Convert 2 (base 10) to base 2.
10
Convert -101 (base 2) to base 16.
-5
What is 66 (base 16) in base 14?
74
What is 101120 (base 3) in base 10?
285
What is -49 (base 12) in base 8?
-71
What is -110 (base 2) in base 16?
-6
Convert 5 (base 14) to base 3.
12
-1011 (base 2) to base 3
-102
What is -5 (base 9) in base 3?
-12
11 (base 13) to base 4
32
-11 (base 9) to base 14
-a
Convert 230 (base 9) to base 11.
162
-412 (base 5) to base 16
-6b
-4 (base 14) to base 11
-4
40 (base 9) to base 5
121
28 (base 15) to base 2
100110
Convert -73 (base 8) to base 12.
-4b
-124 (base 14) to base 6
-1020
What is -14 (base 9) in base 14?
-d
What is 25 (base 13) in base 5?
111
Convert 2 (base 3) to base 13.
2
-1 (base 7) to base 14
-1
Convert 3 (base 9) to base 10.
3
-35 (base 6) to base 10
-23
8a (base 16) to base 10
138
What is -34 (base 6) in base 8?
-26
Convert -4 (base 7) to base 15.
-4
Convert -647 (base 8) to base 12.
-2b3
What is -122 (base 7) in base 2?
-1000001
-2a (base 12) to base 10
-34
3 (base 14) to base 4
3
What is -19 (base 10) in base 11?
-18
Convert -11 (base 11) to base 7.
-15
What is 0 (base 10) in base 14?
0
What is 2 (base 10) in base 14?
2
What is 1100 (base 2) in base 13?
c
146 (base 14) to base 7
516
-74 (base 10) to base 13
-59
Convert -60 (base 8) to base 5.
-143
11 (base 2) to base 4
3
Convert -12 (base 5) to base 2.
-111
What is 7d (base 15) in base 16?
76
-435 (base 6) to base 8
-247
Convert 3 (base 10) to base 4.
3
0 (base 8) to base 6
0
What is 1001111 (base 2) in base 9?
87
What is -2 (base 5) in base 6?
-2
1 (base 14) to base 9
1
11 (base 5) to base 15
6
Convert 116 (base 7) to base 6.
142
5a (base 11) to base 12
55
Convert 3 (base 12) to base 10.
3
What is -1411 (base 6) in base 12?
-267
What is 41 (base 13) in base 4?
311
Convert -162 (base 9) to base 11.
-115
8 (base 9) to base 6
12
Convert 265 (base 12) to base 15.
195
Convert 132 (base 5) to base 13.
33
Convert 1 (base 3) to base 15.
1
0 (base 16) to base 15
0
What is 1 (base 5) in base 10?
1
Convert -131 (base 6) to base 13.
-43
Convert 11 (base 10) to base 13.
b
What is -84 (base 9) in base 11?
-6a
Convert 1 (base 6) to base 7.
1
Convert -33 (base 9) to base 10.
-30
What is 259 (base 11) in base 2?
100110010
Convert 2 (base 6) to base 8.
2
What is 137 (base 12) in base 10?
187
Convert 13 (base 9) to base 3.
110
What is -1a (base 11) in base 7?
-30
What is -131 (base 13) in base 7?
-416
Convert 23 (base 5) to base 8.
15
What is -9a (base 15) in base 5?
-1040
1121 (base 3) to base 14
31
What is -4 (base 5) in base 8?
-4
Convert -4 (base 10) to base 9.
-4
Convert -18 (base 12) to base 5.
-40
2 (base 16) to base 8
2
Convert -51 (base 10) to base 5.
-201
Convert 23 (base 11) to base 2.
11001
14 (base 11) to base 4
33
3 (base 9) to base 7
3
What is -2 (base 11) in base 4?
-2
2 (base 6) to base 15
2
What is 1 (base 7) in bas